 - 10?
-29
Calculate 0 + 5 + -11 + 8 + 7.
9
What is (-9 - 11) + 7 + 0 + 11?
-2
Calculate (6 - -1 - 10) + (-9 + 3 - -4).
-5
What is the value of 11 + (-21 - -18 - 14)?
-6
(-8 + -3 - -18) + (-7 - 21) - 4
-25
What is the value of (-1 - -5) + -10 + 6?
0
What is the value of 2 + -10 + (8 - (-3 - 9 - -16))?
-4
(1 + -1 - -9) + -4 + -17
-12
What is 11 + (-1 - -5 - -1 - 8)?
8
What is 10 - (-29 + 34 + 10)?
-5
What is -4 + -11 + (9 - (13 - 5))?
-14
What is the value of -9 - 1 - (27 + -28)?
-9
Calculate 1 + 13 + -42 + 28 + (-1 - -12).
11
What is the value of 13 - 12 - (0 + 5 + -11)?
7
What is 6 + 4 + -12 - 1?
-3
What is 34 + 2 + (31 - (1 - -29))?
37
What is the value of -32 + (0 + -2 - -19)?
-15
27 - (-46 - -83) - (-34 - 2)
26
-31 - (-11 - (-12 - -32))
0
-21 + (24 - (-32 + 34))
1
What is -192 + 200 + -1 + 2?
9
What is the value of 9 - (89 + -95 - (0 - 29))?
-14
Evaluate -2 + 16 - (14 - (-1 - 1)).
-2
-2 + 12 + -3 - 2
5
-5 + -13 + 12 + -1 + 8
1
What is -12 - -3 - -4 - (10 - 5)?
-10
Calculate 11 - (3 + -10 - -17).
1
Calculate 20 + 1 + 42 + -94 + 37.
6
8 + 17 + -29 + 5
1
What is the value of 4 + (-27 - (-4 + 2)) + (199 - 193)?
-15
What is -5 - (-10 + 1 - (64 + -69))?
-1
Calculate 119 + -29 + -35 - 25.
30
What is 13 + (-56 - 0 - (25 + -36))?
-32
What is -13 - -12 - ((6 - 2) + -2 + 4)?
-7
Calculate (8 - 16) + (-6 - -7) + 0.
-7
1 - ((4 + 1 - 0) + 3 - 23)
16
Calculate 1 + -11 + 6 + (-4 - (2 + 0)).
-10
What is 8 - (30 + 14) - (0 + 1)?
-37
What is the value of 10 + -21 + -5 - -26?
10
Calculate 69 + -81 + 0 + 31 + -12.
7
(-10 - -2) + (13 - 12) - -8
1
10 + (-11 - (0 - 0))
-1
Evaluate 12 + -6 - 28 - -10.
-12
(-5 - (-11 - -8)) + 5 - 14
-11
Calculate 17 + (-16 - 6) + 12.
7
3 - ((5 + -8 - -3) + -5 - -1)
7
Calculate 23 + (-11 - (-14 + 18)).
8
(-20 - (9 - 35)) + -5 + 39
40
Calculate 48 + -53 - (-18 - -2).
11
Calculate (60 + -23 - 19) + (-8 - 1).
9
Evaluate 18 + (2 - 14) - -7.
13
-14 + (8 - (-15 - -14)) - (2 + -26)
19
Evaluate 13 + -1 + (8 + -31 - -27).
16
What is (-7 - (-4 - 13)) + 12?
22
Calculate 1 - (1 - -21) - -8.
-13
Calculate -8 + 16 + -9 + 8 + -11.
-4
Evaluate 12 + (5 + -12 - -7).
12
Evaluate (-3 - 1) + (-4 - -11 - -1 - 3).
1
-4 + -12 - (9 - 44)
19
Evaluate -18 - (-2 - (44 + -26)).
2
What is (-8 - -9 - -6 - 7) + (-4 - -5)?
1
Calculate -1 - (-5 - -2) - (18 - 10).
-6
What is -4 - ((-6 - -6) + 4 + (-2 - -4))?
-10
What is the value of 5 + 20 + -4 + -4?
17
-14 + 3 + (22 + -55 - -17)
-27
What is the value of 18 - (37 - -22) - -31?
-10
What is (3 - (-7 - (-13 + -6))) + -11?
-20
What is 3 + (-16 - (-1 + (-11 - -5) + 4))?
-10
Calculate 6 + (-18 + -15 + 4 - 4).
-27
Calculate (7 - 3) + -10 - (-11 + 6).
-1
What is the value of 19 + 2 + -5 + (-30 - -21)?
7
(-12 - 12 - 43) + 30
-37
What is 23 - ((-1 - 7) + 8 + 10)?
13
What is -51 - -31 - -28 - (1 - 7)?
14
Evaluate 1 + 0 - (65 - 65) - -6.
7
Evaluate -19 + (0 + (4 - -5) + -6 - 6).
-22
Calculate 34 + 0 - (956 - 950).
28
Evaluate -19 - (-17 - (0 + -1)).
-3
Calculate -29 - (-37 + 11 + -29).
26
What is 2 + 9 + (5 - -2) - (3 - -3)?
12
Evaluate 0 - -1 - (3 + -6 + (-3 - -3)).
4
What is (17 - 24) + (5 - (-8 - -7))?
-1
What is the value of -1 + 2 + (-4 - -20)?
17
Evaluate 0 + (-27 + 12 - -13) + 22.
20
What is the value of -59 + 46 + -14 + 58?
31
Calculate 5 + (7 - 1) + 118 + -117.
12
What is 23 - (2 - -3) - 42?
-24
What is the value of 122 + -127 - (1 + 9) - (0 + -5)?
-10
What is 23 + (7 - 14) + 2 + -27?
-9
6 - (3 + (2 - 3) + -1 + -2)
7
What is the value of ((1 - -2) + -14 - -4) + (15 - -6)?
14
What is the value of -13 + 36 + (-17 - -10)?
16
(27 - (3 + -6 + 5)) + (99 - 104)
20
What is -23 + 7 + 7 - -14?
5
Evaluate (-56 - -64) + (-3 - 1) - 16.
-12
Evaluate -8 + 6 + 4 + -3 + (-15 - -7).
-9
Calculate -28 + (18 - (6 + -3 - -7)).
-20
Evaluate -3 + 13 + (-16 - (-7 - -6)).
-5
What is 15 - (1 - (1 - 1) - (10 - 8))?
16
What is the value of (44 - 29 - (-7 + -6)) + -9?
19
What is the value of 0 + (39 - 9) + -16?
14
-8 + (-16 - -26) + 15 + -3
14
Calculate -19 - ((-7 - 4) + -12).
4
Calculate 0 + -3 + -9 - (10 - 4 - 1).
-17
Evaluate (-33 + 31 - (5 + 6)) + 0.
-13
What is the value of -7 - (-18 - -2) - (-3 + 6 - -3)?
3
What is the value of (1 - 2) + (-48 - -68)?
19
Calculate (-1 - 22) + -172 + 197.
2
What is (5 - -1) + 11 + -14 - (7 + -10)?
6
What is -6 - ((0 - 1) + -7 - (410 - 408))?
4
What is (-1 - (4 - -1)) + 22 + -23?
-7
(1 - 26) + (-9 - (20 + -16 - 10))
-28
2 + (11 - 10) - -5 - -8
16
What is (-6 - (-1 + -2 - 4)) + -2 + 3?
2
23 + 0 + -72 + 43
-6
What is 4 - 3 - ((-2 + 5 - -6) + -20)?
12
0 - 3 - (-3 - (-12 - (9 + -15)))
-6
Evaluate 105 - 102 - (-3 + 22).
-16
What is the value of 39 + 17 + -5 - 33?
18
Calculate 5 + 15 + (-15 - -1).
6
Calculate 3 - ((6 - -10) + -7 + -1).
-5
What is -8 + 5 - (-2 - (1 + -2 - 4))?
-6
What is -3 + (-14 - -16) - -12?
11
What is the value of -37 + 12 + 49 - 17?
7
(-2 - 11) + 3 - (-27 + -3)
20
What is the value of 26 + (9 + -45 - -19)?
9
What is the value of -16 + 7 + -8 + 0 + 3 + 1?
-13
What is 42 + 45 + -77 + 2?
12
What is 6 - 0 - 0 - (13 + -1 - -4)?
-10
Calculate (-9 - -10) + -3 + 8.
6
Evaluate (-79 - -98) + (1 - 17).
3
Calculate -1 + -1 + (5 + -1 + -10 - -8).
0
What is -1016 - -1008 - (-2 - 4)?
-2
-4 + -8 + (44 - 28)
4
What is -4 - 23 - 0 - (-267 - -249)?
-9
Calculate -202 + 157 - (-6 - 16).
-23
What is -6 + 9 + (1 - -3) + -5 + -4?
-2
Calculate (2 + 2 + 13 - 9) + 2 + -4.
6
What is the value of (-10 - -17) + -3 - 11?
-7
-1 + 4 + -1 - (-18 + 22) - 4
-6
What is -11 - (15 + 2 + -18)?
-10
-6 + 3 + (-2 - 0) + 0
-5
Calculate -8 - ((3 - 1) + (-72 - -78)).
-16
-4 + 22 - ((-2 - -2) + -3)
21
Calculate 6 - 2 - (-4 + 12 + -10 + 1).
5
What is -22 - (28 + -55) - (0 + 3)?
2
Calculate -6 + (5 + -1 - (31 + -8 + -15)).
-10
What is (-35 - -22) + 26 - 5?
8
Calculate 15 + (-35 - (2 - -3)).
-25
Calculate -187 + 173 + -3 + 3.
-14
What is the value of -8 + 5 + 9 + -13 + (9 - -2)?
4
Calculate -1 + 1 - (6 + 6 + 1).
-13
What is -3 + (2 + -3 - (2 + -2)) + 8?
4
Calculate -1 - ((-7 - 29) + 10 - -15).
10
Evaluate 5 + 1 + 0 + 0 + -226 + 183.
-37
Evaluate -4 + -12 + (-16 - -6 - -10).
-16
What is 18 + -8 + (5 - 10) + 4?
9
What is 7 + (0 - 7) - 14?
-14
Calculate -42 - (4 + -16 + (3 - 2)).
-31
Calculate 5 + 4 + 1 + 1 + -1.
10
What is -23 - (-10 + -14 + -28)?
29
Evaluate (47 - 55) + -5 + (1 + -4 - 0).
-16
Calculate (-4 - -1) + 2 + 4 + -6.
-3
Calculate 16 + -19 + 4 + 13.
14
Evaluate 0 + -1 + (-4 - -2) + -3.
-6
Evaluate 50 - 35 - (1 + (24 - 6)).
-4
What is 39 + -22 + -17 - 12?
-12
What is the value of (85 - 59 - 23) + (0 - 15)?
-12
What is 9 + 0 + -13 + -7 - -14?
3
What is -15 + (-26 + 6 - -17)?
-18
-4 + 1 + -2 - (15 + -6 - -1)
-15
What is the value of (-3 - -11) + -35 + 21 + 1?
-5
Evaluate 2 + (1 - -18) + (187 - 190).
18
Evaluate -21 + (0 + -13 - (-11 + -11)).
-12
33 + (19 - -8 - 49)
11
What is (-7 - (-1 + -17)) + -7?
4
Calculate -3 + (7 + -11 + 17 - -4).
14
Calculate -3 + (0 - -8 - -1) + -6.
0
What is the value of (-2 - -1) + -3 - -23?
19
Evaluate 6 - -8 - (-15 - (6 - 63)).
-28
What is (0 - -4) + (5 - -1) + 0?
10
(-3 - (-5 - (11 + -11))) + 2
4
Evaluate -1 + 2 + (4 - (0 - 1)) + -1.
5
Evaluate -27 + 26 + -23 + 7.
-17
What is the value of -25 - 10 - (-51 - -47)?
-31
What is (2 - -1) + -8 + -360 + 386?
21
What is (5 - (-5 - -4)) + 1 - -6?
13
Evaluate 14 + (-2 - 13 - -7) + -3.
3
What is 46 - (4 - -26 - 5)?
21
Calculate -1 + 0 + -5 + -8 - -5.
-9
(2 + 9 + -6 - -1 - 2) + 1
5
(-6 - (-3 + -8)) + (2 - -4)
11
(2 + -7 - -7) + -7 - -14
9
-13 + 3 + (2 - -19)
11
Calculate (762 - 752) + (-2 + 2 - 5).
5
-23 - (-1 + -9) - (-4 + 0 + 0)
-9
What is the value of 18 + 2 - (3 - -21)?
-4
Evaluate -11 - ((6 - -7 - 7) + -10).
-7
Calculate -31 + -3 + 29 - 6.
-11
Evaluate 17 + -9 - 9 - 5 - 1.
-7
Calculate (-89 - -74) + (-1 - -21).
5
What is 0 + (8 - 3 - 14) + 3 - -6?
0
What is 6 + -15 + (5 - (-1 - (-9 + 7)))?
-5
Calculate 3 + (4 - 5) + 9 + (-8 - -14).
17
What is the value of -1 + (17 - (16 + -7 + 3))?
4
What is the value of -11 + (-22 - -35 - 6)?
-4
Evaluate 1230 + -1244 - (1 + -22).
7
Calculate 1 - 6 - (-73 + (-6 - -50)).
24
What is (-167 - -183) + (-30 - 0)?
-14
What is the value of 6 + (-4 - -5) + (-22 - -22)?
7
Calculate -4 + 12 + (15 - 9 - 36).
-22
What is the value of 2 + (-6 - -4) + (-1 - 2) + -5?
-8
What is the value of 8 + (-29 - -32) + (0 - 0)?
11
What is the value of 6 - (13 